e prime factors of 475646?
2, 19, 12517
What are the prime factors of 13507267?
67, 449
What are the prime factors of 33204335?
5, 1307, 5081
List the prime factors of 1001037.
3, 333679
List the prime factors of 1384715.
5, 23, 12041
List the prime factors of 455643.
3, 50627
What are the prime factors of 7088086?
2, 3544043
What are the prime factors of 1775534?
2, 467, 1901
What are the prime factors of 286624?
2, 13, 53
What are the prime factors of 540321?
3, 389, 463
What are the prime factors of 4990046?
2, 19, 131317
List the prime factors of 189565.
5, 31, 1223
What are the prime factors of 177372?
2, 3, 13, 379
List the prime factors of 106498.
2, 7, 7607
What are the prime factors of 1025947?
13, 78919
What are the prime factors of 2065823?
17, 137, 887
What are the prime factors of 106763?
241, 443
What are the prime factors of 1349397?
3, 7, 21419
List the prime factors of 771721.
43, 131, 137
List the prime factors of 1645605.
3, 5, 13, 29, 97
List the prime factors of 592856.
2, 11, 6737
List the prime factors of 2387092.
2, 37, 127
List the prime factors of 6381258.
2, 3, 13, 23, 3557
List the prime factors of 313911.
3, 13, 2683
What are the prime factors of 6748137?
3, 11, 22721
What are the prime factors of 3130728?
2, 3, 130447
What are the prime factors of 1866555?
3, 5, 41479
List the prime factors of 1113784.
2, 7, 19889
List the prime factors of 1698458.
2, 23, 36923
What are the prime factors of 2368182?
2, 3, 43, 67, 137
List the prime factors of 675299.
675299
List the prime factors of 1612177.
7, 230311
What are the prime factors of 121537?
13, 9349
What are the prime factors of 15526282?
2, 2339, 3319
What are the prime factors of 128894?
2, 17, 223
List the prime factors of 2442194.
2, 1221097
What are the prime factors of 395527?
11, 41, 877
What are the prime factors of 1291022?
2, 29, 22259
What are the prime factors of 650684?
2, 162671
List the prime factors of 578631.
3, 192877
What are the prime factors of 1989150?
2, 3, 5, 89, 149
List the prime factors of 6436405.
5, 29, 44389
What are the prime factors of 1842329?
1842329
List the prime factors of 1707046.
2, 11, 31, 2503
What are the prime factors of 265041?
3, 7, 601
List the prime factors of 12888544.
2, 402767
List the prime factors of 15108066.
2, 3, 279779
What are the prime factors of 57806?
2, 7, 4129
What are the prime factors of 356468?
2, 7, 29, 439
List the prime factors of 42262.
2, 11, 17, 113
List the prime factors of 156642.
2, 3, 26107
List the prime factors of 5766234.
2, 3, 19, 50581
What are the prime factors of 140472?
2, 3, 1951
List the prime factors of 1750199.
11, 107, 1487
List the prime factors of 11675397.
3, 233, 16703
List the prime factors of 195453.
3, 19, 127
List the prime factors of 1017234.
2, 3, 31, 1823
What are the prime factors of 7747428?
2, 3, 13, 49663
List the prime factors of 1804799.
1804799
What are the prime factors of 250735?
5, 50147
List the prime factors of 85435.
5, 7, 2441
What are the prime factors of 2047631?
563, 3637
What are the prime factors of 10500454?
2, 5250227
What are the prime factors of 1932685?
5, 386537
What are the prime factors of 1214578?
2, 29, 43, 487
List the prime factors of 797524.
2, 7, 13, 313
List the prime factors of 592081.
7, 41, 2063
List the prime factors of 2656715.
5, 531343
List the prime factors of 1716150.
2, 3, 5, 17, 673
What are the prime factors of 3837521?
31, 123791
What are the prime factors of 13287707?
19, 179, 3907
What are the prime factors of 256405?
5, 19, 2699
List the prime factors of 2221363.
23, 96581
What are the prime factors of 2565410?
2, 5, 256541
List the prime factors of 12167873.
12167873
What are the prime factors of 51411?
3, 17137
What are the prime factors of 199227?
3, 7, 53, 179
What are the prime factors of 6967487?
59, 118093
List the prime factors of 75887.
7, 37, 293
What are the prime factors of 18708419?
18708419
What are the prime factors of 486565?
5, 23, 4231
List the prime factors of 5210921.
19, 274259
List the prime factors of 1106356.
2, 276589
List the prime factors of 1554435.
3, 5, 34543
List the prime factors of 840954.
2, 3, 140159
List the prime factors of 10966654.
2, 53, 307, 337
List the prime factors of 147120.
2, 3, 5, 613
What are the prime factors of 215404?
2, 7, 157
List the prime factors of 2250958.
2, 1125479
What are the prime factors of 4961518?
2, 17, 73, 1999
List the prime factors of 58719.
3, 23, 37
List the prime factors of 1847055.
3, 5, 7, 359
List the prime factors of 6537144.
2, 3, 272381
List the prime factors of 1420910.
2, 5, 151, 941
What are the prime factors of 8255006?
2, 19, 109, 1993
What are the prime factors of 523331?
419, 1249
What are the prime factors of 556385?
5, 223, 499
What are the prime factors of 479878?
2, 7, 151, 227
List the prime factors of 347210.
2, 5, 34721
List the prime factors of 25501.
7, 3643
What are the prime factors of 1180997?
1180997
List the prime factors of 2573919.
3, 17, 16823
List the prime factors of 12294.
2, 3, 683
List the prime factors of 2749997.
103, 26699
List the prime factors of 42768796.
2, 7, 1527457
List the prime factors of 22792096.
2, 19, 1973
List the prime factors of 630978.
2, 3, 103, 1021
What are the prime factors of 2519804?
2, 7, 31, 2903
List the prime factors of 376594.
2, 29, 43, 151
What are the prime factors of 31273476?
2, 3, 13, 307, 653
List the prime factors of 2263956.
2, 3, 37, 5099
What are the prime factors of 199269?
3, 7, 3163
What are the prime factors of 4427766?
2, 3, 7, 35141
List the prime factors of 76267.
53, 1439
List the prime factors of 4371619.
7, 624517
List the prime factors of 2458665.
3, 5, 11, 4967
What are the prime factors of 181758?
2, 3, 30293
List the prime factors of 1224833.
17, 109, 661
List the prime factors of 8892530.
2, 5, 17, 181
What are the prime factors of 252832?
2, 7901
What are the prime factors of 95742?
2, 3, 197
What are the prime factors of 2676299?
59, 45361
What are the prime factors of 4497552?
2, 3, 29, 359
List the prime factors of 185816.
2, 23227
What are the prime factors of 5563890?
2, 3, 5, 6869
What are the prime factors of 354242?
2, 7, 25303
List the prime factors of 14477.
31, 467
List the prime factors of 597634.
2, 298817
What are the prime factors of 783899?
29, 27031
What are the prime factors of 56128?
2, 877
List the prime factors of 4706272.
2, 61, 2411
List the prime factors of 1443915.
3, 5, 11, 2917
List the prime factors of 33542392.
2, 13, 322523
What are the prime factors of 8904197?
23, 47, 8237
What are the prime factors of 12502?
2, 7, 19, 47
List the prime factors of 449798.
2, 239, 941
List the prime factors of 23494504.
2, 11, 266983
List the prime factors of 2070015.
3, 5, 59, 2339
List the prime factors of 388165.
5, 29, 2677
What are the prime factors of 603842?
2, 23, 13127
List the prime factors of 473442.
2, 3, 19, 4153
What are the prime factors of 170689?
170689
List the prime factors of 8423863.
7, 1097
List the prime factors of 157329.
3, 5827
List the prime factors of 4745518.
2, 2372759
List the prime factors of 34950.
2, 3, 5, 233
List the prime factors of 3449194.
2, 7, 246371
List the prime factors of 184615.
5, 36923
List the prime factors of 858493.
79, 10867
List the prime factors of 47994.
2, 3, 19, 421
What are the prime factors of 10550574?
2, 3, 17, 1277
What are the prime factors of 7428279?
3, 197, 12569
List the prime factors of 3168457.
23, 347, 397
List the prime factors of 5834901.
3, 271, 7177
List the prime factors of 495319.
11, 37, 1217
What are the prime factors of 275061?
3, 277, 331
What are the prime factors of 25397401?
31, 819271
List the prime factors of 1988167.
17, 107, 1093
What are the prime factors of 196504?
2, 7, 11, 29
What are the prime factors of 14680492?
2, 3670123
List the prime factors of 257165.
5, 19, 2707
What are the prime factors of 1086096?
2, 3, 11, 17
What are the prime factors of 261204?
2, 3, 21767
List the prime factors of 12236635.
5, 2447327
What are the prime factors of 509531?
11, 4211
What are the prime factors of 307382?
2, 19, 8089
List the prime factors of 926866.
2, 463433
List the prime factors of 9523854.
2, 3, 529103
List the prime factors of 16274628.
2, 3, 31, 4